{"id":109,"date":"2017-12-29T15:41:18","date_gmt":"2017-12-29T14:41:18","guid":{"rendered":"https:\/\/www.zauberwald-oberursel.de\/KITA\/?page_id=109"},"modified":"2026-04-09T15:41:20","modified_gmt":"2026-04-09T13:41:20","slug":"impressum","status":"publish","type":"page","link":"https:\/\/www.zauberwald-oberursel.de\/KITA\/impressum\/","title":{"rendered":"Impressum"},"content":{"rendered":"<p>[et_pb_section fb_built=\u201e1\u201c _builder_version=\u201e4.16\u201c _module_preset=\u201edefault\u201c global_colors_info=\u201c{}\u201c][et_pb_row _builder_version=\u201e4.16\u201c _module_preset=\u201edefault\u201c global_colors_info=\u201c{}\u201c][et_pb_column type=\u201e4_4\u201c _builder_version=\u201e4.16\u201c _module_preset=\u201edefault\u201c global_colors_info=\u201c{}\u201c][et_pb_text admin_label=\u201eUeberschrift\u201c _builder_version=\u201e4.16\u201c _module_preset=\u201edefault\u201c global_colors_info=\u201c{}\u201c]<\/p>\n<h1>Impressum<\/h1>\n<p>[\/et_pb_text][et_pb_text _builder_version=\u201e4.22.1\u201c _module_preset=\u201edefault\u201c global_colors_info=\u201c{}\u201c]<\/p>\n<h4>Angaben gem\u00e4\u00df \u00a7 5&nbsp;DDG<\/h4>\n<p>Kinder\u00adta\u00adges\u00adst\u00e4tte Zauber\u00adwald<br>Leitung: Barbara Strau\u00df<br>Kleine Schmieh 24<br>61440 Oberursel<\/p>\n<h4>Kontakt<\/h4>\n<p>Telefon Kita-B\u00fcro: 06171 92359\u2013100<br>Telefon Krippe: 06171 92359\u2013120<br>Telefon Kinder\u00adgarten: 06171 92359\u2013100<br>Telefon Hort: 06171 92359\u2013140<\/p>\n<p>Fax: 06171 92359\u2013109<\/p>\n<p>E\u2011Mail: kita-zauberwald@oberursel.de<br>Inter\u00adnet\u00adadresse: www.zauberwald-oberursel.de<\/p>\n<h4>Umsatzsteuer-ID<\/h4>\n<p>Umsatz\u00adsteuer-Iden\u00adti\u00adfi\u00adka\u00adti\u00adons\u00adnummer gem\u00e4\u00df \u00a727 a Umsatz\u00adsteu\u00ader\u00adge\u00adsetz:<br>DE 114110626<\/p>\n<h4>Tr\u00e4ger der Kindertagesst\u00e4tte<strong><br><\/strong><\/h4>\n<p class=\"paragraph\">Stadt Oberursel (Taunus)<br>Rathaus\u00adplatz 1<br>61440 Oberursel (Taunus)<br>Telefon: 06171 502\u20130<br>Inter\u00adnet\u00adadresse: www.oberursel.de<\/p>\n<h4>Redaktionell verantwortlich&nbsp;gem\u00e4\u00df \u00a7 18 Abs. 2 Medienstaatsvertrag (MStV)<\/h4>\n<p>Kinder\u00adta\u00adges\u00adst\u00e4tte Zauber\u00adwald<br>Barbara Strau\u00df<br>Kleine Schmieh 24<br>61440 Oberursel<\/p>\n<h4>Quellenangaben f\u00fcr die verwendeten Bilder und Grafiken<\/h4>\n<p><span>Yvonne Schwehm (<\/span><a href=\"http:\/\/www.ypspunktfotografie.de\/\">www.ypspunktfotografie.de<\/a>), Kinder\u00adta\u00adges\u00adst\u00e4tte Zauberwald<\/p>\n<h4>Streitschlichtung<\/h4>\n<p>Wir sind nicht bereit oder verpflichtet, an Streit\u00adbei\u00adle\u00adgungs\u00adver\u00adfahren vor einer&nbsp;Verbrau\u00adcher\u00adschlich\u00adtungs\u00adstelle teilzunehmen.<\/p>\n<p>&nbsp;<\/p>\n<div class=\"xhtmlcomponent component-contactDetails\">\n<div class=\"id-properties\/contactDetails\">\n<div class=\"contact-details__email\"><\/div>\n<\/div>\n<\/div>\n<hr>\n<h3>Haftungsausschluss<\/h3>\n<h4>Haftung f\u00fcr Inhalte<\/h4>\n<p>Die Infor\u00adma\u00adtionen auf dieser Website wurden mit gr\u00f6\u00dft\u00adm\u00f6g\u00adli\u00adcher Sorgfalt zusam\u00admen\u00adge\u00adstellt. Dennoch k\u00f6nnen wir nicht f\u00fcr die Fehler\u00adhaf\u00adtig\u00adkeit oder Genau\u00adig\u00adkeit der enthal\u00adtenen Infor\u00adma\u00adtionen garan\u00adtieren.&nbsp;Gew\u00e4hr\u00adleis\u00adtung oder Haftung jeglicher Art, z.B. f\u00fcr die Rich\u00adtig\u00adkeit, Zuver\u00adl\u00e4s\u00adsig\u00adkeit, Voll\u00adst\u00e4n\u00addig\u00adkeit und Aktua\u00adlit\u00e4t der Infor\u00adma\u00adtionen, ist ausge\u00adschlossen soweit diese nicht auf Vorsatz oder grober Fahr\u00adl\u00e4s\u00adsig\u00adkeit beruht.<\/p>\n<h4><\/h4>\n<h4>Haftung f\u00fcr&nbsp;Links<\/h4>\n<p>Die Kinder\u00adta\u00adges\u00adst\u00e4tte Zauber\u00adwald \u00fcbernimmt keine Verant\u00adwor\u00adtung f\u00fcr die Inhalte der \u00fcber diese Links besuchten Websites. Es handelt sich hierbei um fremde Angebote und Infor\u00adma\u00adtionen, auf deren inhalt\u00adliche Gestal\u00adtung die Kinder\u00adta\u00adges\u00adst\u00e4tte Zauber\u00adwald keinen Einfluss hat und f\u00fcr deren Inhalte die Kinder\u00adta\u00adges\u00adst\u00e4tte Zauber\u00adwald auch nicht verant\u00adwort\u00adlich ist.&nbsp;Sollten Sie Kenntnis von rechts\u00adwid\u00adrigen Inhalten auf Websites erhalten, die Sie \u00fcber unsere Website per link besuchen k\u00f6nnen, geben Sie uns bitte einen Hinweis, damit wir die Verlin\u00adkung pr\u00fcfen k\u00f6nnen.<\/p>\n<h4><\/h4>\n<h4>Urheberrecht<\/h4>\n<p>Alle Rechte an den Inhalten der Website bleiben der Kinder\u00adta\u00adges\u00adst\u00e4tte Zauber\u00adwald vorbe\u00adhalten. Der Inhalt der Website darf ganz oder teilweise nicht zu gesch\u00e4ft\u00adli\u00adchen Zwecken verviel\u00adf\u00e4l\u00adtigt, verbreitet, ver\u00e4ndert oder Dritten zug\u00e4ng\u00adlich gemacht werden.<\/p>\n<p>&nbsp;<\/p>\n<hr>\n<h4>Texte<\/h4>\n<p><span>Nadine Kiesow, <\/span><span>Barbara Strau\u00df, Gabi&nbsp;S\u00fc\u00df<\/span><\/p>\n<h4>Gestaltung und Umsetzung<\/h4>\n<p><span>Holger Giebeler,&nbsp;Maga\u00adscreen<\/span><span>,&nbsp;<\/span><a href=\"http:\/\/www.magascreen.com\/\">www.magascreen.com<\/a><\/p>\n<p>&nbsp;<\/p>\n<p>[\/et_pb_text][\/et_pb_column][\/et_pb_row][\/et_pb_section]<\/p>\n","protected":false},"excerpt":{"rendered":"<p>Impres\u00adsum\u00adAn\u00adgaben gem\u00e4\u00df \u00a7 5 DDG Kinder\u00adta\u00adges\u00adst\u00e4tte Zauber\u00adwald\u00adLei\u00adtung: Barbara Strau\u00df\u00adKleine Schmieh 2461440 Oberursel Kontakt Telefon Kita-B\u00fcro: 06171 92359\u2013100Telefon Krippe: 06171 92359\u2013120Telefon Kinder\u00adgarten: 06171 92359\u2013100Telefon Hort: 06171 92359\u2013140 Fax: 06171 92359\u2013109 E\u2011Mail: kita-zauberwald@oberursel.deInternetadresse: www.zauberwald-oberursel.de Umsatz\u00adsteuer-ID Umsatz\u00adsteuer-Iden\u00adti\u00adfi\u00adka\u00adti\u00adons\u00adnummer gem\u00e4\u00df \u00a727 a Umsatzsteuergesetz:DE 114110626 Tr\u00e4ger der Kinder\u00adta\u00adges\u00adst\u00e4tte Stadt Oberursel (Taunus)Rathausplatz 161440 Oberursel (Taunus)Telefon: 06171 502\u20130Internetadresse: www.oberursel.de Redak\u00adtio\u00adnell verant\u00adwort\u00adlich&nbsp;gem\u00e4\u00df \u00a7 18 Abs. 2 Medi\u00aden\u00adstaats\u00adver\u00adtrag (MStV) Kinder\u00adta\u00adges\u00adst\u00e4tte Zauber\u00adwald\u00adBar\u00adbara Strau\u00df\u00adKleine Schmieh 2461440 Oberursel Quel\u00adlen\u00adan\u00adgaben f\u00fcr die verwen\u00addeten Bilder und Grafiken Yvonne Schwehm (www.ypspunktfotografie.de), Kinder\u00adta\u00adges\u00adst\u00e4tte Zauber\u00adwald Streit\u00adschlich\u00adtung Wir sind nicht bereit oder verpflichtet, an Streit\u00adbei\u00adle\u00adgungs\u00adver\u00adfahren vor einer&nbsp;Verbrau\u00adcher\u00adschlich\u00adtungs\u00adstelle teil\u00adzu\u00adnehmen. &nbsp; Haftungs\u00adaus\u00adschluss Haftung f\u00fcr Inhalte Die Infor\u00adma\u00adtionen auf dieser Website wurden mit gr\u00f6\u00dft\u00adm\u00f6g\u00adli\u00adcher Sorgfalt zusam\u00admen\u00adge\u00adstellt. Dennoch k\u00f6nnen wir nicht f\u00fcr die Fehler\u00adhaf\u00adtig\u00adkeit oder Genau\u00adig\u00adkeit der enthal\u00adtenen Infor\u00adma\u00adtionen garan\u00adtieren.&nbsp;Gew\u00e4hr\u00adleis\u00adtung oder Haftung jeglicher Art, z.B. f\u00fcr die Rich\u00adtig\u00adkeit, Zuver\u00adl\u00e4s\u00adsig\u00adkeit, Voll\u00adst\u00e4n\u00addig\u00adkeit und Aktua\u00adlit\u00e4t der Infor\u00adma\u00adtionen, ist ausge\u00adschlossen soweit diese nicht auf Vorsatz oder grober Fahr\u00adl\u00e4s\u00adsig\u00adkeit beruht. Haftung f\u00fcr Links Die Kinder\u00adta\u00adges\u00adst\u00e4tte Zauber\u00adwald \u00fcbernimmt keine Verant\u00adwor\u00adtung f\u00fcr die Inhalte der \u00fcber diese Links besuchten Websites. Es handelt sich hierbei um fremde Angebote und Infor\u00adma\u00adtionen, auf deren inhalt\u00adliche Gestal\u00adtung die Kinder\u00adta\u00adges\u00adst\u00e4tte Zauber\u00adwald keinen Einfluss hat und f\u00fcr deren Inhalte die Kinder\u00adta\u00adges\u00adst\u00e4tte Zauber\u00adwald auch nicht verant\u00adwort\u00adlich ist.&nbsp;Sollten Sie Kenntnis von rechts\u00adwid\u00adrigen Inhalten auf Websites erhalten, die&nbsp;Sie&nbsp;[\u2026]<\/p>\n","protected":false},"author":1,"featured_media":0,"parent":0,"menu_order":0,"comment_status":"closed","ping_status":"closed","template":"","meta":{"_et_pb_use_builder":"on","_et_pb_old_content":"","_et_gb_content_width":"","wp_typography_post_enhancements_disabled":false,"footnotes":""},"class_list":["post-109","page","type-page","status-publish","hentry"],"yoast_head":"<!-- This site is optimized with the Yoast SEO plugin v27.4 - https:\/\/yoast.com\/product\/yoast-seo-wordpress\/ -->\n<title>Impressum - Zauberwald Oberursel<\/title>\n<meta name=\"robots\" content=\"index, follow, max-snippet:-1, max-image-preview:large, max-video-preview:-1\" \/>\n<link rel=\"canonical\" href=\"https:\/\/www.zauberwald-oberursel.de\/KITA\/impressum\/\" \/>\n<meta property=\"og:locale\" content=\"de_DE\" \/>\n<meta property=\"og:type\" content=\"article\" \/>\n<meta property=\"og:title\" content=\"Impressum - Zauberwald Oberursel\" \/>\n<meta property=\"og:description\" content=\"ImpressumAngaben gem\u00e4\u00df \u00a7 5 DDG Kindertagesst\u00e4tte ZauberwaldLeitung: Barbara Strau\u00dfKleine Schmieh 2461440 Oberursel Kontakt Telefon Kita-B\u00fcro: 06171 92359-100Telefon Krippe: 06171 92359-120Telefon Kindergarten: 06171 92359-100Telefon Hort: 06171 92359-140 Fax: 06171 92359-109 E-Mail: kita-zauberwald@oberursel.deInternetadresse: www.zauberwald-oberursel.de Umsatzsteuer-ID Umsatzsteuer-Identifikationsnummer gem\u00e4\u00df \u00a727 a Umsatzsteuergesetz:DE 114110626 Tr\u00e4ger der Kindertagesst\u00e4tte Stadt Oberursel (Taunus)Rathausplatz 161440 Oberursel (Taunus)Telefon: 06171 502-0Internetadresse: www.oberursel.de Redaktionell verantwortlich\u00a0gem\u00e4\u00df \u00a7 18 Abs. 2 Medienstaatsvertrag (MStV) Kindertagesst\u00e4tte ZauberwaldBarbara Strau\u00dfKleine Schmieh 2461440 Oberursel Quellenangaben f\u00fcr die verwendeten Bilder und Grafiken Yvonne Schwehm (www.ypspunktfotografie.de), Kindertagesst\u00e4tte Zauberwald Streitschlichtung Wir sind nicht bereit oder verpflichtet, an Streitbeilegungsverfahren vor einer\u00a0Verbraucherschlichtungsstelle teilzunehmen. &nbsp; Haftungsausschluss Haftung f\u00fcr Inhalte Die Informationen auf dieser Website wurden mit gr\u00f6\u00dftm\u00f6glicher Sorgfalt zusammengestellt. Dennoch k\u00f6nnen wir nicht f\u00fcr die Fehlerhaftigkeit oder Genauigkeit der enthaltenen Informationen garantieren.\u00a0Gew\u00e4hrleistung oder Haftung jeglicher Art, z.B. f\u00fcr die Richtigkeit, Zuverl\u00e4ssigkeit, Vollst\u00e4ndigkeit und Aktualit\u00e4t der Informationen, ist ausgeschlossen soweit diese nicht auf Vorsatz oder grober Fahrl\u00e4ssigkeit beruht. Haftung f\u00fcr Links Die Kindertagesst\u00e4tte Zauberwald \u00fcbernimmt keine Verantwortung f\u00fcr die Inhalte der \u00fcber diese Links besuchten Websites. Es handelt sich hierbei um fremde Angebote und Informationen, auf deren inhaltliche Gestaltung die Kindertagesst\u00e4tte Zauberwald keinen Einfluss hat und f\u00fcr deren Inhalte die Kindertagesst\u00e4tte Zauberwald auch nicht verantwortlich ist.\u00a0Sollten Sie Kenntnis von rechtswidrigen Inhalten auf Websites erhalten, die Sie [&hellip;]\" \/>\n<meta property=\"og:url\" content=\"https:\/\/www.zauberwald-oberursel.de\/KITA\/impressum\/\" \/>\n<meta property=\"og:site_name\" content=\"Zauberwald Oberursel\" \/>\n<meta property=\"article:modified_time\" content=\"2026-04-09T13:41:20+00:00\" \/>\n<meta name=\"twitter:card\" content=\"summary_large_image\" \/>\n<meta name=\"twitter:label1\" content=\"Gesch\u00e4tzte Lesezeit\" \/>\n\t<meta name=\"twitter:data1\" content=\"2\u00a0Minuten\" \/>\n<script type=\"application\/ld+json\" class=\"yoast-schema-graph\">{\"@context\":\"https:\\\/\\\/schema.org\",\"@graph\":[{\"@type\":\"WebPage\",\"@id\":\"https:\\\/\\\/www.zauberwald-oberursel.de\\\/KITA\\\/impressum\\\/\",\"url\":\"https:\\\/\\\/www.zauberwald-oberursel.de\\\/KITA\\\/impressum\\\/\",\"name\":\"Impressum - Zauberwald Oberursel\",\"isPartOf\":{\"@id\":\"https:\\\/\\\/www.zauberwald-oberursel.de\\\/KITA\\\/#website\"},\"datePublished\":\"2017-12-29T14:41:18+00:00\",\"dateModified\":\"2026-04-09T13:41:20+00:00\",\"breadcrumb\":{\"@id\":\"https:\\\/\\\/www.zauberwald-oberursel.de\\\/KITA\\\/impressum\\\/#breadcrumb\"},\"inLanguage\":\"de\",\"potentialAction\":[{\"@type\":\"ReadAction\",\"target\":[\"https:\\\/\\\/www.zauberwald-oberursel.de\\\/KITA\\\/impressum\\\/\"]}]},{\"@type\":\"BreadcrumbList\",\"@id\":\"https:\\\/\\\/www.zauberwald-oberursel.de\\\/KITA\\\/impressum\\\/#breadcrumb\",\"itemListElement\":[{\"@type\":\"ListItem\",\"position\":1,\"name\":\"Startseite\",\"item\":\"https:\\\/\\\/www.zauberwald-oberursel.de\\\/KITA\\\/\"},{\"@type\":\"ListItem\",\"position\":2,\"name\":\"Impressum\"}]},{\"@type\":\"WebSite\",\"@id\":\"https:\\\/\\\/www.zauberwald-oberursel.de\\\/KITA\\\/#website\",\"url\":\"https:\\\/\\\/www.zauberwald-oberursel.de\\\/KITA\\\/\",\"name\":\"Zauberwald Oberursel\",\"description\":\"Kita Krippe Kindergarten\",\"potentialAction\":[{\"@type\":\"SearchAction\",\"target\":{\"@type\":\"EntryPoint\",\"urlTemplate\":\"https:\\\/\\\/www.zauberwald-oberursel.de\\\/KITA\\\/?s={search_term_string}\"},\"query-input\":{\"@type\":\"PropertyValueSpecification\",\"valueRequired\":true,\"valueName\":\"search_term_string\"}}],\"inLanguage\":\"de\"}]}<\/script>\n<!-- \/ Yoast SEO plugin. -->","yoast_head_json":{"title":"Impressum - Zauberwald Oberursel","robots":{"index":"index","follow":"follow","max-snippet":"max-snippet:-1","max-image-preview":"max-image-preview:large","max-video-preview":"max-video-preview:-1"},"canonical":"https:\/\/www.zauberwald-oberursel.de\/KITA\/impressum\/","og_locale":"de_DE","og_type":"article","og_title":"Impressum - Zauberwald Oberursel","og_description":"ImpressumAngaben gem\u00e4\u00df \u00a7 5 DDG Kindertagesst\u00e4tte ZauberwaldLeitung: Barbara Strau\u00dfKleine Schmieh 2461440 Oberursel Kontakt Telefon Kita-B\u00fcro: 06171 92359-100Telefon Krippe: 06171 92359-120Telefon Kindergarten: 06171 92359-100Telefon Hort: 06171 92359-140 Fax: 06171 92359-109 E-Mail: kita-zauberwald@oberursel.deInternetadresse: www.zauberwald-oberursel.de Umsatzsteuer-ID Umsatzsteuer-Identifikationsnummer gem\u00e4\u00df \u00a727 a Umsatzsteuergesetz:DE 114110626 Tr\u00e4ger der Kindertagesst\u00e4tte Stadt Oberursel (Taunus)Rathausplatz 161440 Oberursel (Taunus)Telefon: 06171 502-0Internetadresse: www.oberursel.de Redaktionell verantwortlich\u00a0gem\u00e4\u00df \u00a7 18 Abs. 2 Medienstaatsvertrag (MStV) Kindertagesst\u00e4tte ZauberwaldBarbara Strau\u00dfKleine Schmieh 2461440 Oberursel Quellenangaben f\u00fcr die verwendeten Bilder und Grafiken Yvonne Schwehm (www.ypspunktfotografie.de), Kindertagesst\u00e4tte Zauberwald Streitschlichtung Wir sind nicht bereit oder verpflichtet, an Streitbeilegungsverfahren vor einer\u00a0Verbraucherschlichtungsstelle teilzunehmen. &nbsp; Haftungsausschluss Haftung f\u00fcr Inhalte Die Informationen auf dieser Website wurden mit gr\u00f6\u00dftm\u00f6glicher Sorgfalt zusammengestellt. Dennoch k\u00f6nnen wir nicht f\u00fcr die Fehlerhaftigkeit oder Genauigkeit der enthaltenen Informationen garantieren.\u00a0Gew\u00e4hrleistung oder Haftung jeglicher Art, z.B. f\u00fcr die Richtigkeit, Zuverl\u00e4ssigkeit, Vollst\u00e4ndigkeit und Aktualit\u00e4t der Informationen, ist ausgeschlossen soweit diese nicht auf Vorsatz oder grober Fahrl\u00e4ssigkeit beruht. Haftung f\u00fcr Links Die Kindertagesst\u00e4tte Zauberwald \u00fcbernimmt keine Verantwortung f\u00fcr die Inhalte der \u00fcber diese Links besuchten Websites. Es handelt sich hierbei um fremde Angebote und Informationen, auf deren inhaltliche Gestaltung die Kindertagesst\u00e4tte Zauberwald keinen Einfluss hat und f\u00fcr deren Inhalte die Kindertagesst\u00e4tte Zauberwald auch nicht verantwortlich ist.\u00a0Sollten Sie Kenntnis von rechtswidrigen Inhalten auf Websites erhalten, die Sie [&hellip;]","og_url":"https:\/\/www.zauberwald-oberursel.de\/KITA\/impressum\/","og_site_name":"Zauberwald Oberursel","article_modified_time":"2026-04-09T13:41:20+00:00","twitter_card":"summary_large_image","twitter_misc":{"Gesch\u00e4tzte Lesezeit":"2\u00a0Minuten"},"schema":{"@context":"https:\/\/schema.org","@graph":[{"@type":"WebPage","@id":"https:\/\/www.zauberwald-oberursel.de\/KITA\/impressum\/","url":"https:\/\/www.zauberwald-oberursel.de\/KITA\/impressum\/","name":"Impressum - Zauberwald Oberursel","isPartOf":{"@id":"https:\/\/www.zauberwald-oberursel.de\/KITA\/#website"},"datePublished":"2017-12-29T14:41:18+00:00","dateModified":"2026-04-09T13:41:20+00:00","breadcrumb":{"@id":"https:\/\/www.zauberwald-oberursel.de\/KITA\/impressum\/#breadcrumb"},"inLanguage":"de","potentialAction":[{"@type":"ReadAction","target":["https:\/\/www.zauberwald-oberursel.de\/KITA\/impressum\/"]}]},{"@type":"BreadcrumbList","@id":"https:\/\/www.zauberwald-oberursel.de\/KITA\/impressum\/#breadcrumb","itemListElement":[{"@type":"ListItem","position":1,"name":"Startseite","item":"https:\/\/www.zauberwald-oberursel.de\/KITA\/"},{"@type":"ListItem","position":2,"name":"Impressum"}]},{"@type":"WebSite","@id":"https:\/\/www.zauberwald-oberursel.de\/KITA\/#website","url":"https:\/\/www.zauberwald-oberursel.de\/KITA\/","name":"Zauberwald Oberursel","description":"Kita Krippe Kindergarten","potentialAction":[{"@type":"SearchAction","target":{"@type":"EntryPoint","urlTemplate":"https:\/\/www.zauberwald-oberursel.de\/KITA\/?s={search_term_string}"},"query-input":{"@type":"PropertyValueSpecification","valueRequired":true,"valueName":"search_term_string"}}],"inLanguage":"de"}]}},"_links":{"self":[{"href":"https:\/\/www.zauberwald-oberursel.de\/KITA\/wp-json\/wp\/v2\/pages\/109","targetHints":{"allow":["GET"]}}],"collection":[{"href":"https:\/\/www.zauberwald-oberursel.de\/KITA\/wp-json\/wp\/v2\/pages"}],"about":[{"href":"https:\/\/www.zauberwald-oberursel.de\/KITA\/wp-json\/wp\/v2\/types\/page"}],"author":[{"embeddable":true,"href":"https:\/\/www.zauberwald-oberursel.de\/KITA\/wp-json\/wp\/v2\/users\/1"}],"replies":[{"embeddable":true,"href":"https:\/\/www.zauberwald-oberursel.de\/KITA\/wp-json\/wp\/v2\/comments?post=109"}],"version-history":[{"count":10,"href":"https:\/\/www.zauberwald-oberursel.de\/KITA\/wp-json\/wp\/v2\/pages\/109\/revisions"}],"predecessor-version":[{"id":3476,"href":"https:\/\/www.zauberwald-oberursel.de\/KITA\/wp-json\/wp\/v2\/pages\/109\/revisions\/3476"}],"wp:attachment":[{"href":"https:\/\/www.zauberwald-oberursel.de\/KITA\/wp-json\/wp\/v2\/media?parent=109"}],"curies":[{"name":"wp","href":"https:\/\/api.w.org\/{rel}","templated":true}]}}