{"id":145,"date":"2012-09-11T13:44:19","date_gmt":"2012-09-11T11:44:19","guid":{"rendered":"http:\/\/zauberwald-oberursel.de\/foerderverein\/?page_id=145"},"modified":"2020-11-23T22:07:03","modified_gmt":"2020-11-23T21:07:03","slug":"impressum","status":"publish","type":"page","link":"https:\/\/www.zauberwald-oberursel.de\/foerderverein\/impressum\/","title":{"rendered":"Impressum"},"content":{"rendered":"\t\t<div data-elementor-type=\"wp-page\" data-elementor-id=\"145\" class=\"elementor elementor-145\" data-elementor-settings=\"[]\">\n\t\t\t\t\t\t<div class=\"elementor-inner\">\n\t\t\t\t\t\t\t<div class=\"elementor-section-wrap\">\n\t\t\t\t\t\t\t<section class=\"elementor-section elementor-top-section elementor-element elementor-element-583021b2 elementor-section-boxed elementor-section-height-default elementor-section-height-default\" data-id=\"583021b2\" data-element_type=\"section\">\n\t\t\t\t\t\t<div class=\"elementor-container elementor-column-gap-default\">\n\t\t\t\t\t\t\t<div class=\"elementor-row\">\n\t\t\t\t\t<div class=\"elementor-column elementor-col-100 elementor-top-column elementor-element elementor-element-c06cf70\" data-id=\"c06cf70\" data-element_type=\"column\">\n\t\t\t<div class=\"elementor-column-wrap elementor-element-populated\">\n\t\t\t\t\t\t\t<div class=\"elementor-widget-wrap\">\n\t\t\t\t\t\t<div class=\"elementor-element elementor-element-279c40ce elementor-widget elementor-widget-text-editor\" data-id=\"279c40ce\" data-element_type=\"widget\" data-widget_type=\"text-editor.default\">\n\t\t\t\t<div class=\"elementor-widget-container\">\n\t\t\t\t\t<div class=\"elementor-text-editor elementor-clearfix\"><p><!-- wp:group --><\/p>\n<div class=\"wp-block-group\">\n<div class=\"wp-block-group__inner-container\">\n<p><!-- wp:freeform --><\/p>\n<h3>Angaben gem\u00e4\u00df \u00a7 5 TMG:<\/h3>\n<p>F\u00f6rderverein der<br \/>Kindertagesst\u00e4tte ZAUBERWALD Oberursel e.V.<br \/>Kleine Schmieh 24 61440 Oberursel<br \/>Telefon 06171\u00a0\/ 92 35 91 &#8211; 00<\/p>\n<p><span style=\"color: #333333; font-style: normal; line-height: 24px;\">EMail: foerderverein(at)zauberwald-oberursel.de<br \/><\/span><span style=\"color: #333333; font-style: normal; line-height: 24px;\">Internet: www.zauberwald-oberursel.de\/foerderverein<\/span><\/p>\n<p><span style=\"color: #333333; font-style: normal; line-height: 24px;\">\u00a0<\/span><\/p>\n<h3>Vertreten durch den Vorstand:<\/h3>\n<p>Dr. Norbert Koch<\/p>\n<p>Annette Varughese<\/p>\n<p>Franziska Heymann<\/p>\n<p>Jens Anderson<\/p>\n<p>\u00a0<\/p>\n<h3>Kontakt:<\/h3>\n<p>Telefon: 06171 92359-100<br \/>Telefax: 06171 92359-109<br \/>E-Mail:\u00a0foerderverein@zauberwald-oberursel.de<\/p>\n<p>\u00a0<\/p>\n<h3>Registereintrag:<\/h3>\n<p>Eintragung im\u00a0Vereinsregister.<br \/>Registergericht:Bad Homburg<br \/>Registernummer:<\/p>\n<p>\u00a0<\/p>\n<h3>Verantwortlich\u00a0f\u00fcr den Inhalt nach \u00a7 55 Abs. 2 RStV:<\/h3>\n<p>Dr. Norbert Koch<\/p>\n<p>\u00a0<\/p>\n<h3>Streitschlichtung<\/h3>\n<p>Die Europ\u00e4ische Kommission stellt eine\u00a0Plattform zur Online-Streitbeilegung (OS) bereit: <a href=\"http:\/\/ec.europa.eu\/consumers\/odr\"><br \/>http:\/\/ec.europa.eu\/consumers\/odr<\/a><\/p>\n<p>Unsere E-Mail-Adresse finden Sie oben im Impressum.<\/p>\n<p>Wir sind nicht bereit oder verpflichtet, an Streitbeilegungsverfahren vor einer\u00a0Verbraucherschlichtungsstelle teilzunehmen.<\/p>\n<p>\u00a0<\/p>\n<h3>Haftung f\u00fcr Inhalte<\/h3>\n<p>Als\u00a0Diensteanbieter sind wir gem\u00e4\u00df \u00a7 7 Abs.1 TMG f\u00fcr eigene Inhalte auf diesen Seiten\u00a0nach den allgemeinen Gesetzen verantwortlich. Nach \u00a7\u00a7 8 bis 10 TMG sind wir als\u00a0Diensteanbieter jedoch nicht verpflichtet, \u00fcbermittelte oder gespeicherte fremde Informationen zu\u00a0\u00fcberwachen oder nach Umst\u00e4nden zu forschen, die auf eine echtswidrige T\u00e4tigkeit\u00a0hinweisen.<\/p>\n<p>Verpflichtungen zur Entfernung oder Sperrung der Nutzung von Informationen nach den allgemeinen Gesetzen bleiben hiervon unber\u00fchrt. Eine diesbez\u00fcgliche Haftung ist jedoch erst ab dem Zeitpunkt der Kenntnis einer konkreten Rechtsverletzung m\u00f6glich. Bei Bekanntwerden\u00a0von entsprechenden Rechtsverletzungen werden wir diese Inhalte umgehend entfernen.<\/p>\n<p>\u00a0<\/p>\n<h3>Haftung f\u00fcr Links<\/h3>\n<p>Unser Angebot enth\u00e4lt Links zu externen Webseiten Dritter, auf\u00a0deren Inhalte wir keinen Einfluss haben. Deshalb k\u00f6nnen wir f\u00fcr diese fremden Inhalte auch keine Gew\u00e4hr \u00fcbernehmen. F\u00fcr die Inhalte der verlinkten Seiten ist stets der jeweilige\u00a0Anbieter oder Betreiber der Seiten verantwortlich. Die verlinkten Seiten wurden zum Zeitpunkt der Verlinkung auf m\u00f6gliche Rechtsverst\u00f6\u00dfe \u00fcberpr\u00fcft. Rechtswidrige Inhalte waren zum Zeitpunkt der Verlinkung nicht erkennbar.<\/p>\n<p>Eine permanente inhaltliche Kontrolle der verlinkten Seiten ist jedoch ohne konkrete Anhaltspunkte einer Rechtsverletzung nicht zumutbar. Bei Bekanntwerden von Rechtsverletzungen werden wir derartige Links umgehend entfernen.<\/p>\n<p>\u00a0<\/p>\n<h3>Urheberrecht<\/h3>\n<p>Die durch die Seitenbetreiber erstellten Inhalte und Werke auf diesen Seiten unterliegen dem deutschen Urheberrecht. Die Vervielf\u00e4ltigung, Bearbeitung, Verbreitung und jede Art der Verwertung au\u00dferhalb der Grenzen des Urheberrechtes bed\u00fcrfen der schriftlichen\u00a0Zustimmung des jeweiligen Autors bzw. Erstellers. Downloads und Kopien dieser Seite sind nur f\u00fcr den privaten, nicht kommerziellen Gebrauch gestattet.<\/p>\n<p>Soweit die Inhalte auf dieser Seite nicht vom Betreiber erstellt wurden, werden die Urheberrechte Dritter beachtet. Insbesondere werden Inhalte\u00a0Dritter als solche gekennzeichnet. Sollten Sie trotzdem auf eine Urheberrechtsverletzung aufmerksam werden, bitten wir um einen entsprechenden Hinweis. Bei Bekanntwerden von Rechtsverletzungen werden wir derartige Inhalte umgehend entfernen.<\/p>\n<p>\u00a0<\/p>\n<p>Quelle: <a href=\"https:\/\/www.erecht24. de\/impressum-generator.html\">https:\/\/www.e-recht24.de\/impressum-generator.html<\/a><\/p>\n<p>\u00a0<\/p>\n<p>F\u00f6rderverein der<br \/>Kindertagesst\u00e4tte ZAUBERWALD Oberursel e.V.<br \/>Kleine Schmieh 24 61440 Oberursel<br \/>Telefon 06171\u00a0\/ 92 35 91 &#8211; 00<\/p>\n<p>\u00a0<\/p>\n<p><span style=\"color: #333333; font-style: normal; line-height: 24px;\">EMail: foerderverein(at)zauberwald-oberursel.de<br \/><\/span><span style=\"color: #333333; font-style: normal; line-height: 24px;\">Internet: www.zauberwald-oberursel.de\/foerderverein<\/span><\/p>\n<p><span style=\"color: #333333; font-style: normal; line-height: 24px;\">\u00a0<\/span><\/p>\n<p>Bankverbindung Taunussparkasse:<br \/>IBAN: DE40 5125 0000 0007 0043 70, BIC: HELADEF1TSK<\/p>\n<p>\u00a0<\/p>\n<p>Der F\u00f6rderverein ist eingetragen beim Amtsgericht Bad Homburg\u00a0und<br \/>vom Finanzamt als gemeinn\u00fctzig anerkannt.<\/p>\n<p>\u00a0<\/p>\n<p>(Stand 27.10.2020)<\/p>\n<p><!-- \/wp:freeform --><\/p>\n<\/div>\n<\/div>\n<p><!-- \/wp:group --><\/p>\n<div>\u00a0<\/div><\/div>\n\t\t\t\t<\/div>\n\t\t\t\t<\/div>\n\t\t\t\t\t\t<\/div>\n\t\t\t\t\t<\/div>\n\t\t<\/div>\n\t\t\t\t\t\t\t\t<\/div>\n\t\t\t\t\t<\/div>\n\t\t<\/section>\n\t\t\t\t\t\t<\/div>\n\t\t\t\t\t\t<\/div>\n\t\t\t\t\t<\/div>\n\t\t","protected":false},"excerpt":{"rendered":"<p>Angaben gem\u00e4\u00df \u00a7 5 TMG: F\u00f6rderverein derKindertagesst\u00e4tte ZAUBERWALD Oberursel e.V.Kleine Schmieh 24 61440 OberurselTelefon 06171\u00a0\/ 92 35 91 &#8211; 00 EMail: foerderverein(at)zauberwald-oberursel.deInternet: www.zauberwald-oberursel.de\/foerderverein \u00a0 Vertreten durch den Vorstand: Dr. Norbert Koch Annette Varughese Franziska Heymann Jens Anderson \u00a0 Kontakt: Telefon: 06171 92359-100Telefax: 06171 92359-109E-Mail:\u00a0foerderverein@zauberwald-oberursel.de \u00a0 Registereintrag: Eintragung im\u00a0Vereinsregister.Registergericht:Bad HomburgRegisternummer: \u00a0 Verantwortlich\u00a0f\u00fcr den Inhalt nach \u00a7 [&hellip;]<\/p>\n","protected":false},"author":15,"featured_media":0,"parent":0,"menu_order":999,"comment_status":"closed","ping_status":"closed","template":"","meta":[],"_links":{"self":[{"href":"https:\/\/www.zauberwald-oberursel.de\/foerderverein\/wp-json\/wp\/v2\/pages\/145"}],"collection":[{"href":"https:\/\/www.zauberwald-oberursel.de\/foerderverein\/wp-json\/wp\/v2\/pages"}],"about":[{"href":"https:\/\/www.zauberwald-oberursel.de\/foerderverein\/wp-json\/wp\/v2\/types\/page"}],"author":[{"embeddable":true,"href":"https:\/\/www.zauberwald-oberursel.de\/foerderverein\/wp-json\/wp\/v2\/users\/15"}],"replies":[{"embeddable":true,"href":"https:\/\/www.zauberwald-oberursel.de\/foerderverein\/wp-json\/wp\/v2\/comments?post=145"}],"version-history":[{"count":37,"href":"https:\/\/www.zauberwald-oberursel.de\/foerderverein\/wp-json\/wp\/v2\/pages\/145\/revisions"}],"predecessor-version":[{"id":1381,"href":"https:\/\/www.zauberwald-oberursel.de\/foerderverein\/wp-json\/wp\/v2\/pages\/145\/revisions\/1381"}],"wp:attachment":[{"href":"https:\/\/www.zauberwald-oberursel.de\/foerderverein\/wp-json\/wp\/v2\/media?parent=145"}],"curies":[{"name":"wp","href":"https:\/\/api.w.org\/{rel}","templated":true}]}}